 8. Let j(k) = -3*c(k) + 8*l(k). Determine j(-2).
10
Let d(r) = 0*r - 6*r - 31*r**2 + 41*r**2 - 11*r**2. Let g = 2 + -5. What is d(g)?
9
Let t(s) = 39*s**2 - 2*s - 1. Let u be t(-1). Suppose -6*m = -m - u. Let r(x) = 3 - 2*x - 7*x**2 - x**3 - m - 4*x. Determine r(-6).
-5
Let w(z) be the third derivative of z**4/24 - z**3 - 104*z**2. Give w(9).
3
Let r = 345 - 342. Let f(p) = 5*p + 3. Let t(o) = -1. Let l(s) = 26*s + 6. Let i(n) = l(n) - 10*t(n). Let j(a) = -11*f(a) + 2*i(a). Give j(r).
-10
Let r be (-3 - -1) + -1 + 2 + 1. Let i(p) = 6*p**3 - 6*p**2 + 6*p + 7. Let t(q) = q**3 - q**2 + q. Let u(w) = i(w) - 5*t(w). Determine u(r).
7
Let g be 1 - (-57)/(-2)*(-82)/(-123). Let t(m) = m**3 + 17*m**2 - 18*m - 11. Determine t(g).
-11
Let g(i) = 5*i**3 + 3*i**2 - i + 6. Let d(p) = -p**3 - p**2 - p - 1. Suppose 4 = 10*k - 9*k. Let w(h) = k*d(h) + g(h). Give w(3).
5
Let q(y) = -y - 484*y**2 + 162*y**2 + 160*y**2 + 163*y**2 - 4. What is q(-2)?
2
Let v(c) = c**3 + 6*c**2 + 2*c - 7. Let u(k) = -10 + 20*k - 38*k - 6 + 19*k. Suppose -3 = -2*f + 19. Let r be u(f). What is v(r)?
8
Let t(u) = u**2 + u - 25. Let o be -5 + -2*(-2 + 4) + 3. Give t(o).
5
Let h(r) = -r**3 - r**2 + r - 2. Let v(i) = i**3 + 8*i**2 + 10 - 1 - 5*i - 3*i + 0*i. Let m be v(-9). Calculate h(m).
-2
Let j(b) = -4*b**3 + b**2 - b. Let o be -3 - (2/3 + (-140)/30). Calculate j(o).
-4
Let p = -22 - -24. Let u(y) = -6*y + 0 + 7 - 3*y**2 + y**p + 3*y**2. Calculate u(5).
2
Let s(k) = k**3 + 16*k**2 + 14*k - 13. Let p be s(-15). Let m(q) = 3*q**2 - 5*q**3 - 2*q + 6*q**3 + 7 - 9*q**2 + p. Give m(6).
-3
Let b(m) = -9*m**3 - 7*m**2 - 7*m + 9. Let c(d) = -15*d**3 - 11*d**2 - 11*d + 14. Let h(a) = -8*b(a) + 5*c(a). Determine h(-2).
24
Let a(u) = u + 1 + 1 + 2. Let m(z) = -69*z + 556. Let b be m(8). Give a(b).
8
Suppose -2*q = -3*v - 7, -v + 9*q = 8*q + 4. Let b(w) = -4*w**3 + w**2 + 2*w - 2. What is b(v)?
-3
Let b(y) = 41*y**2 + 367*y - 20. Let i be b(-9). Let g(l) = 6*l**2 - 3*l - 3. Calculate g(i).
27
Suppose -10*c - 741 = -701. Let h(v) = -v**3 - 4*v**2 - v - 5. Determine h(c).
-1
Let n(c) = -c**3 - 2*c**2 - 3*c. Suppose 2*q = 4*q + 14. Suppose -40 = 5*g + x, -3*g - 2*g = -3*x + 60. Let r = g - q. What is n(r)?
6
Suppose -5*v - 2*c = -0*c - 45, 2*c = -v + 17. Let q(g) = g - 2. Let s(f) = -f + 1. Let p(d) = -4*q(d) - 3*s(d). Give p(v).
-2
Suppose 5*n - 25 = -5*v, 2*n - 15*v + 20 = -11*v. Let i(y) = -y**3 + y**2 + y + 15. Calculate i(n).
15
Suppose 2*f - 39 = -7. Let n = f - 12. Let l(g) be the second derivative of g**5/20 - g**4/3 + g**2/2 - 2*g. Calculate l(n).
1
Let i(b) = 4*b + 3. Suppose 7*h + 77 = -0*h. Let m be (10 + h)/(1/3). Calculate i(m).
-9
Suppose -5*h = d - 13, -3*h - h = 5*d - 23. Let x(b) = -h*b + 8 - 2*b - 11. Suppose 4*m - m = -5*k - 19, 1 = 3*m - 5*k. Calculate x(m).
9
Let m(v) be the first derivative of -v**4/4 - 10*v**3/3 - 9*v**2/2 + v - 100. Determine m(-9).
1
Let t(s) = -736 + s + 368 + 362. Suppose -4*z - 2 = 2*i + 4, -4*i + 2*z = 12. Let v = i + 3. Give t(v).
-6
Let p(y) = -y**2 + 7*y. Let f(b) = b**3 + 4*b**2 - 12*b + 4. Let u be f(-6). Suppose d - u = -d. Suppose -c - 5 = -d*c. Calculate p(c).
10
Suppose 12 = i - 8*l + 7*l, 0 = -5*i - l + 42. Let x(w) = 17*w**2 - i*w**2 - 9*w**2. Determine x(3).
-9
Let u(z) = -5*z**3 - 4*z**2 + 4*z**3 - 7*z + 7 + 2*z**3. Let a be (1/3)/((-8)/(-72)). Suppose a*y = 5*y - 10. What is u(y)?
-3
Let g(p) = p**3 + 22*p**2 + 41*p + 23. Let o be g(-20). Let r(q) = -8*q - 7. Determine r(o).
-31
Let m(r) = -7*r**3 + 10*r + 3 + 3*r**2 + 3*r**3 + 3*r**3. Give m(5).
3
Suppose 2*o - 8 = 4*n - 0*n, -n + 2*o = -1. Let b(w) = 8*w + 2. Let x(f) = -40*f - 10. Let t(y) = n*x(y) - 16*b(y). Determine t(-3).
22
Let m(d) be the first derivative of 3*d**2/2 + 4*d + 444. Determine m(-3).
-5
Suppose -2*m = 3*o - 17, -o = 3*m - 8 - 0. Let f(k) = k + 3. Give f(o).
8
Let v(b) = 2*b**3 + 5*b**2 + b - 3. Let d = 115 - 118. What is v(d)?
-15
Suppose 9 + 1 = -10*k. Suppose i + 3 = 5. Let g(h) = 4 + h**i + 2*h - 1 - 4*h**3 - 2 + 2*h**3. Give g(k).
2
Let o(k) = -16 + 9*k + 6*k**2 - 13*k**2 + 0*k**2 + 6*k**2. Let r be o(4). Let l(y) = y + 5. Give l(r).
9
Let y(o) = -6*o**2 + 8*o + 3. Let q(w) = w**2 - 2*w - 1. Let x(p) = 14*q(p) + 2*y(p). Give x(7).
6
Let o be ((-14)/(-3))/(21/(-27) - -1). Let d = 18 - o. Let i(n) = -1 + 2*n**2 - 2*n - 3*n**3 - 6*n**2 + 2*n**3. Calculate i(d).
-4
Let o(w) = w**2 - 4*w**2 + 2 + 11*w + 10 + 2*w**2. Let n be o(12). Let k(r) = 3*r - 10. Let z(u) = -2*u + 9. Let i(s) = -3*k(s) - 4*z(s). Determine i(n).
-6
Let c(z) = z + 5. Let t be c(-11). Let j(x) = 25*x**3 - 2*x - 5*x**2 - 26*x**3 - x**2 + 2. Calculate j(t).
14
Suppose -2*g + 35 = -d, -44 - 11 = -2*g - 3*d. Suppose 0 = 8*k - 4*k - g. Let p(b) = -b**2 + 6*b + 2. What is p(k)?
7
Let o be 7/7 + (-88)/(-11). Let m(b) = -b**2 + 11*b - 4. Determine m(o).
14
Suppose -3*i - 2*i + 8 = -3*m, 4*m + 3*i - 28 = 0. Suppose m*q = 2*q. Let h(f) be the second derivative of -f**3/6 + f**2 + 4156*f. Determine h(q).
2
Let f(k) be the third derivative of -k**6/120 + k**5/12 - k**4/24 + 3*k**2 + 11. Give f(3).
15
Let i(n) be the third derivative of -n**6/120 + n**5/60 + n**4/24 + 13*n**3/6 + 36*n**2. Let f(x) = 2*x - 14. Let s be f(7). Calculate i(s).
13
Let j(g) = 12*g**3 + g**2. Let a(b) = -b**3 - 5*b**2 + 7*b + 36. Let p be a(-5). Calculate j(p).
13
Let r(n) = 7 - 35*n**3 - 2 - 6*n - 7*n**2 + 34*n**3. Give r(-6).
5
Suppose -4*b - 4 = 5*j, -3*j + 4*j = -3*b + 8. Let d(f) = -4*f - f + b*f. What is d(-7)?
7
Let z(g) = -3*g - 2. Let p(k) = 7*k + 4. Let t(l) = -2*p(l) - 5*z(l). Let f = 15 + 21. Suppose -5*c + f = -3*j - 0, 0 = -2*c - 5*j + 2. Determine t(c).
8
Let o(i) = 6*i**2 - 9*i - 11. Let u(l) = -26*l**2 + 35*l + 46. Let z(a) = 9*o(a) + 2*u(a). Calculate z(6).
-1
Suppose -19 + 39 = 10*u. Let z(q) be the first derivative of 12 + 0*q**u - 1/4*q**4 + 0*q**3 + 6*q. Give z(0).
6
Let a(u) = -2*u. Suppose 2*q + 0*q + 12 = 0. Let r be (q/9)/(2 - (-20)/(-12)). Determine a(r).
4
Let x(s) = -4*s**2 + 3*s**2 + 1 + 2*s**2 - 7*s. Let i(y) = y**3 - 3*y**2 + 5*y - 1. Let n be i(2). What is x(n)?
-9
Let c = -369 + 370. Let v(j) = 7*j. Give v(c).
7
Let o(l) = 5*l - 10 + 13*l**2 + 32*l**3 + 3*l - 31*l**3 - 4*l**2 - 10*l. Determine o(-9).
8
Let a(c) = c. Let m(y) be the second derivative of -y**3/2 + 3*y**2 + y. Let j(h) = a(h) + m(h). Let t(r) = 4*r - 18. Let v be t(6). Determine j(v).
-6
Let c(p) be the second derivative of -p**7/2520 + p**5/60 - 9*p**4/4 + 8*p. Let u(s) be the third derivative of c(s). Calculate u(0).
2
Let m be (-104)/91 + 1/7. Let y(w) = 20*w**3 + 5*w**2 - 17*w + 5. Let q(r) = 5*r**3 + r**2 - 4*r + 1. Let x(j) = -9*q(j) + 2*y(j). Give x(m).
5
Let v = 40 - 38. Suppose 5 = v*j + 15. Let f(z) = -z**3 - 5*z**2 + 2*z + 7. Calculate f(j).
-3
Let v(j) = 2*j + 36. Let k = 917 + -935. Determine v(k).
0
Let y(w) be the third derivative of -w**7/2520 + w**6/120 + w**5/24 + 11*w**4/12 - 15*w**2. Let b(k) be the second derivative of y(k). What is b(6)?
5
Let m = -15 + 19. Let x(k) = k - 4*k - k + 3*k - m. Let c(d) = d**3 + 5*d**2 - 6*d + 5. Let j be c(-6). Give x(j).
-9
Suppose 5*v = 2 - 47. Let c(g) = -g - 31. Let b(t) = -2. Let x(r) = 6*b(r) - c(r). Calculate x(v).
10
Let n(b) be the second derivative of 1/2*b**2 + 3*b - 5/6*b**3 + 0. Let f be (-8)/(-6) - (-28)/42. What is n(f)?
-9
Let k(d) = d**2 - 4*d - 4. Let v(h) = -h**3 - 7*h**2 - h. Let o be v(-7). Suppose -3*j + 60 = o*j. What is k(j)?
8
Suppose -8*y - 2673 + 2577 = 0. Let b(c) = -c**3 - 12*c**2 - 3*c + 15. Calculate b(y).
51
Let q be ((2 - 7)/(-15))/(2/12). Let r(d) = 6 - 3*d - 880*d**q - 3*d + 879*d**2. Calculate r(-7).
-1
Let q = -21 + 25. Let d(l) = 32*l + 5 - q - 37*l. What is d(1)?
-4
Suppose -3 = 2*m + 3. Suppose 11*q - 302 = -269. Let p be q*((-8)/m)/2. Let w(a) = -a**2 + 6*a - 3. What is w(p)?
5
Let x = 3 - 1. Let r(b) = -2 - x*b + 5*b + 1. Let n be (-1)/2 - (-28)/8. What is r(n)?
8
Let o(d) = -d**3 + 4*d**2 - 2*d - 4. Let h be o(6). Let z = h - -89. Let l(g) = 14*g**3 - 2*g**2 + 2*g - 1. Determine l(z).
13
Suppose -4*t - 14*k + 19*k - 53 = 0, 5*k = -2*t + 11. Let c(l) = -l**2 - 7*l + 4. Calculate c(t).
4
Let l(j) = 11*j**3 - 2*j + 1. Let i(x) = x**3 + 11*x**2 + 10*x + 1. Let a be (0/(-4))/(-3 - -4). Suppose 0 = -3*p - a*p - 30. Let t be i(p). Give l(t).
10
